Let s(z) = -27*z + z**3 + 56*z + 2 + p*z**3 + 6*z**2 - 25*z. What is s(-4)?
18
Let q(z) = 8*z - 11. Let n(v) be the second derivative of -5*v**3/2 + 21*v**2/2 - 20*v. Let m(s) = -6*n(s) - 11*q(s). Calculate m(6).
7
Let m(a) = -23*a - 124. Let o be m(-5). Let l(t) = -t**2 - 9*t + 1. What is l(o)?
1
Suppose -2*l = -z - 9, 5*l + 2*z - 27 = 6*z. Let j(p) = p**l - 5*p**2 + 16*p - 7*p - 7 - 15*p. Let b = -96 + 102. Determine j(b).
-7
Let d(x) = x**2 + 7*x + 8. Let l(t) be the third derivative of t**5/60 - 7*t**4/12 + 3*t**3 - 8*t**2. Suppose -24 = 11*q - 13*q. Let f be l(q). Give d(f).
2
Suppose -11*b - 100 = -1. Let n(j) = j + 7. Calculate n(b).
-2
Let b = 22 + 49. Let s(j) = -27*j + b*j - 33*j. What is s(1)?
11
Suppose 0 = -4*t + b + 49, 0*t = t - 4*b - 1. Let k(m) = 7 + m - 14 + t. Determine k(-6).
0
Let q be 171/(-33) - (26/(-22) - -1). Let a(w) = -w**2 - 6 - 8*w - 7*w + 7*w. Give a(q).
9
Let d(w) = -w**2 - 13*w - 19. Let p be d(-11). Let n(s) be the second derivative of -s**5/20 + s**4/4 - s**3/2 + 3*s**2/2 + 2*s. What is n(p)?
-6
Suppose -o = -3 + 2. Let m(p) be the first derivative of p**5/4 + p**4/12 - p**2/2 - 18*p + 7. Let t(f) be the first derivative of m(f). Calculate t(o).
5
Let h(t) be the second derivative of t**3/2 + 9*t**2/2 + 134*t. Let r(q) = -q**2 - q + 5. Let j be r(-4). What is h(j)?
-12
Let u(v) be the third derivative of 0 - 1/10*v**5 - v**3 + 1/12*v**4 - 10*v**2 + 1/120*v**6 + 0*v. Calculate u(6).
6
Suppose -5 + 0 = -r. Let n(z) be the third derivative of 0*z + 1/10*z**5 - 1/120*z**6 + 0 - 1/8*z**4 + 1/2*z**3 + z**2. Calculate n(r).
13
Let y(o) be the second derivative of -12*o - 1/20*o**5 - o**2 - 5/12*o**4 + o**3 + 0. Give y(-6).
-2
Let n(c) = 2*c**2 + c + 10. Let k(v) = -4*v**2 - v - 20. Let b(h) = 4*k(h) + 9*n(h). Let l(w) be the first derivative of b(w). Give l(-7).
-23
Let s(g) = 4*g + 6. Let q be (-4)/10 - (-972)/(-270). Calculate s(q).
-10
Let b(z) = 9*z. Let i(h) = -h**2 - h - 1. Let s(k) = -b(k) - 4*i(k). What is s(2)?
10
Suppose -90 = -2*b - 4*b. Let c = b + -5. Let d = c + -7. Let y(i) = -i + 1. Calculate y(d).
-2
Let z(v) = 2*v**2 + 39*v - 24. Suppose -3*r - 3*l - 45 = 0, -3*r + 55 = -5*r + 3*l. Give z(r).
-4
Suppose 0 - 2 = 2*q. Let w(t) = -t - 1. Let a(i) = -i**2 + 11*i - 4. Let n(h) = q*a(h) - 3*w(h). Let z = 18 + -12. Calculate n(z).
-5
Let f(m) be the second derivative of -m**3/6 - 2*m**2 + 4*m. Let b = -29 - -20. Let l(r) = -3*r - 23. Let z be l(b). Calculate f(z).
-8
Let u(q) be the second derivative of q**5/20 - q**4 + 7*q**3/6 - q**2 - 346*q. Determine u(11).
-46
Let r(n) be the third derivative of 0*n + 1/10*n**5 - 1/120*n**6 - 1/6*n**3 + 0 - 26*n**2 + 1/3*n**4. Calculate r(7).
6
Let n = 0 - 0. Suppose n = 4*d - 0*d. Let c(y) = y**3 - y**2 - y. Let j(u) = -4*u**3 + 4*u**2 + 6*u + 7. Let f(a) = -5*c(a) - j(a). Give f(d).
-7
Let c be 77/2 - 2/4. Suppose -3*j = -4*m + c, -j + 2*m = m + 11. Let h(s) = s**3 + 8*s**2 + 8*s - 6. Give h(j).
18
Suppose -9 = 2*f - 23. Let d(k) = 8*k + 4*k - k**2 - f*k - 6. Let r(l) = 5*l. Let w be r(1). What is d(w)?
-6
Let t(z) = 8*z**3 - 10*z**2 - 38*z - 33. Let x(y) = -3*y**3 + 3*y**2 + 13*y + 11. Let b(l) = -4*t(l) - 11*x(l). Calculate b(-6).
-7
Let p(d) = -d. Let z(n) = -4*n + 12. Let r(l) = -3*p(l) + z(l). Let c(o) = -o**2 - 5*o + 7. Let y be c(-5). What is r(y)?
5
Let d(r) be the third derivative of r**7/5040 - r**6/360 + 11*r**5/60 + 6*r**2. Let x(h) be the third derivative of d(h). Calculate x(6).
4
Let c(m) be the third derivative of 19*m**4/24 - 2*m**2 - 19*m. Determine c(-1).
-19
Let a(m) = 5*m**2 - 19*m**2 - 4*m**2 + m + 17*m**2. Suppose 9 = 3*n - 3. Determine a(n).
-12
Let f(q) = q**2 - 12*q - 5. Suppose 0 = -r - 5, -r - 2 = z + 2*r. Give f(z).
8
Let o = -229 + 228. Let t(i) = -2*i**3 - i**2 + i + 1. Determine t(o).
1
Let g(n) = -10*n**2 + n + 2. Let f(b) = -3*b**2 - 12*b + 65. Let h be f(-7). What is g(h)?
-36
Suppose 31 = 12*f + 7. Let m(a) = a + 0*a - 2*a - f*a. Determine m(-2).
6
Let s(w) = w**2 + 4*w - 5. Let l be (-58)/12 - (475/(-30))/19. Give s(l).
-5
Let p = -15 - -19. Let w(v) = p*v**2 - 2*v - 3*v**2 + 1 - 2*v**2 + 3*v. Determine w(4).
-11
Let t(s) be the third derivative of s**7/5040 + s**6/360 + s**5/4 + 29*s**2. Let w(l) be the third derivative of t(l). Give w(-8).
-6
Let w(z) be the third derivative of -1/2*z**4 + 1/60*z**5 + 0 - z**2 + 7/6*z**3 + 0*z. Let u be w(11). Let n(c) = -c**2 - 5*c + 2. Give n(u).
6
Let x(w) = 8*w - 11. Let o(d) = d**3 - 11*d**2 - 13*d + 5. Let v be o(12). Let a(h) = -7*h + 10. Let c(i) = v*a(i) - 6*x(i). Determine c(6).
2
Suppose 53*w - 55*w = -120. Let g be -5*(-4)/w*-18. Let i(d) = -3*d - 7. Determine i(g).
11
Let c = -598 + 598. Let g(t) = -t - 5. Determine g(c).
-5
Let o(c) be the second derivative of c**5/20 + 3*c**4/4 + 5*c**3/6 - c**2 - 5*c - 16. Give o(-8).
22
Let k(g) = g**3 + 4*g**2 - 7*g. Let h(m) = 2*m**2 - 17*m - 2. Let b be h(8). Let s = 5 + b. Calculate k(s).
10
Let u = -92 - -97. Let q(i) = i - 5. Determine q(u).
0
Let y(v) = 17*v**2 - 23*v + 20. Let s(l) = 6*l**2 - 8*l + 7. Let p(u) = -11*s(u) + 4*y(u). Let d be ((-276)/24 - -7)*(-2)/3. Give p(d).
9
Let q(r) be the third derivative of r**4/12 + r**3 + 14*r**2 + 6*r. Determine q(-7).
-8
Let j(s) = -s**3 - 3*s**2. Let v = 17 - 12. Suppose 4*x = -8, -v*x - 9 = z + 1. Suppose z = 5*o - 4*o + 4. What is j(o)?
16
Suppose 8 = -7*h + 162. Let j(n) = -10 - 25*n - h*n + 48*n. Determine j(7).
-3
Suppose 0 = 2*w - 3*w + 2. Let q be (-5)/(-1) + (-52)/13. Suppose -v + 3 = -n - w, n - 5*v = -q. Let o(g) = -g**2 - 6*g + 3. What is o(n)?
3
Let r(b) be the second derivative of 2*b**3/3 + 7*b**2/2 + 143*b. What is r(-3)?
-5
Let c(p) be the first derivative of -2/3*p**3 + 1/2*p**2 - 1 + 0*p. Suppose -5*k + 11 = 16. Determine c(k).
-3
Let d = -27 - -27. Suppose d = u + n - 3, -u = -5*n + 3. Let s(t) be the second derivative of -t**5/20 + t**2/2 + t. Determine s(u).
-7
Let n = 109 - 0. Let u(i) = 51 + 9*i - n + 57. Determine u(-1).
-10
Let v be 0/(0/4 - -2). Let m(j) = -7 - 5*j**2 + j**3 + v*j - 7*j + 2*j + j. Calculate m(6).
5
Suppose l = 2*l + 2*x + 2, -5*l - 2*x + 14 = 0. Suppose -c - s - 6 = s, 10 = -5*c - 5*s. Suppose -c*n + l = 2*n. Let h(q) = -2*q. Give h(n).
-2
Let t(l) = l**2. Let o be (14/(-6) + 1)/((-3)/9). Suppose 2*g = -4*a - o, -g + 3*a - 4 = -12. Calculate t(g).
4
Suppose -15 = 14*y - 15. Let k(j) = 14 + 12 - j + 4 + 0*j. Give k(y).
30
Let m(t) = t**2 - 10*t + 9. Let j(z) = 3*z**2 - 32*z + 27. Let x(y) = 3*j(y) - 10*m(y). Give x(6).
-21
Let j(t) = t**3 - 2*t**2 - 2*t + 8. Let m be j(2). Let h(d) be the second derivative of 1/12*d**m + 0 - 7/2*d**2 - d**3 + 2*d. Determine h(5).
-12
Let y(l) = l**3 + 2*l**2 - 3*l + 4. Suppose -2*r + 8 = 2*r. Let p be (r/4)/(1/(-2)). Let a be (p + 0)/((-8)/(-24)). What is y(a)?
4
Let l(c) = c**3 - 3*c**2 + 4*c. Let z be l(2). Let j(v) = -27*v**2 + 10*v**2 + 3*v + 11*v**2 - 1 + 5*v**2. Calculate j(z).
-5
Let o(y) = y + 15. Let f = 45 + -45. Suppose f = -2*x - 5*x. Calculate o(x).
15
Suppose 3*d - 4*d = 5*y + 35, -5*d - 25 = 0. Let u = y - -13. Let m(c) = 5*c + 14. Let l(f) = -3*f - 9. Let i(k) = -8*l(k) - 5*m(k). Calculate i(u).
-5
Let q(g) = g**3 - 2*g**2 - 2*g + 1. Let j(d) be the third derivative of d**6/120 - 7*d**5/60 + 7*d**4/24 - 2*d**3/3 + 23*d**2. Let t be j(6). Calculate q(t).
-3
Suppose 20*d = 13*d + 21. Let y(v) be the third derivative of -v**5/60 - v**3/6 - 3*v**2. Calculate y(d).
-10
Let m(q) = -q - 26. Suppose 11*d - 311 = -454. Determine m(d).
-13
Let t(u) be the second derivative of -u**5/20 - 2*u**4/3 - 2*u**3/3 + 9*u**2/2 + 404*u. Determine t(-7).
-12
Suppose -n + 2 = 0, -5*q + 4*n = -18 - 14. Let j(i) = i**2 - 10*i + 12. Give j(q).
-4
Suppose -4*i + 0*i + 48 = 0. Let t be (-126)/12*i/(-7). Let h be 2/6 - (-30)/t. Let g(u) = -u**2 - u + 1. Determine g(h).
-5
Let d(s) = -2*s**3 + 2*s**2 - 1. Suppose 5*h - 3*h - u + 2 = 0, 0 = 5*h - 5*u - 5. Let o be (0 + 1)/(3/h). Give d(o).
3
Let y be (2/(-2) - -1)/3. Let g(x) = x - 3. Let q(v) = -v + 3. Let p(j) = -3*g(j) - 4*q(j). Give p(y).
-3
Let d = 23 + 32. Let z = 53 - d. Let f(h) = -2*h**3 - 2*h**2 - 2*h. Calculate f(z).
12
Let n(u) be the second derivative of u**4/12 + u**3 + 7*u**2/2 + 26*u. Let m = -23 + 17. Determine n(m).
7
Suppose -3*k + 5*g + 30 - 21 = 0, k + 4*g 